g) = -29*g + 5837. What is r(280)?
-2283
Let f(v) = -794*v + 50038. Calculate f(63).
16
Let t(f) = 126450*f - 1896752. What is t(15)?
-2
Let h(x) = 3190*x + 38561. Determine h(-12).
281
Let b(x) = 47*x**2 + 486*x + 55. Determine b(-10).
-105
Let u(w) = -19246*w + 962297. Calculate u(50).
-3
Let y(p) = 2*p**3 + 99*p**2 - 875*p + 164. What is y(8)?
524
Let o(z) = 8*z**2 - 1043*z + 13375. Determine o(116).
35
Let u(o) = o**3 - 180*o**2 - 894*o + 63202. Determine u(183).
67
Let t(k) = 199*k - 29848. Calculate t(150).
2
Let b(u) = 10718*u - 192940. What is b(18)?
-16
Let u(a) = -a**3 - 45*a**2 - 90*a - 1958. Give u(-44).
66
Let k(v) = 76*v - 5066. Give k(60).
-506
Let t(c) = 9*c**2 + 565*c - 46745. Give t(-110).
5
Let v(b) = -112664*b**2 - 225338*b - 3. What is v(-2)?
17
Let l(a) = -14685*a - 1997167. Give l(-136).
-7
Let x(l) = -116286*l + 10349464. Calculate x(89).
10
Let v(t) = 34495*t + 1103747. Give v(-32).
-93
Let a(c) = c**3 - 116*c**2 + 305*c - 21832. What is a(115)?
18
Let l(m) = 9*m**3 - 317*m**2 + 64*m + 127. Calculate l(35).
-83
Let z(w) = -66*w - 6821. Calculate z(-103).
-23
Let j(a) = -a**2 + 124*a + 24553. Calculate j(-106).
173
Let g(t) = -16019*t + 160192. Determine g(10).
2
Let i(m) = -m**3 + 7*m**2 - 1640*m + 9739. Calculate i(6).
-65
Let v(k) = 3410*k + 269388. Determine v(-79).
-2
Let q(o) = 3*o**3 - 761*o**2 + 1362*o - 25712. Give q(252).
-8
Let z(v) = 2*v**2 + 1133*v + 4513. Calculate z(-4).
13
Let m(y) = -159061*y + 5726205. What is m(36)?
9
Let u(f) = 32*f**2 + 356*f + 355. Calculate u(-10).
-5
Let b(r) = 5*r**2 - 573*r - 642. What is b(119)?
1976
Let l(d) = -13*d**3 + 88*d**2 - 25*d + 19. What is l(7)?
-303
Let o(n) = n**3 + 13*n**2 + 278*n + 4111. Give o(-14).
23
Let r(w) = -2*w**3 + 481*w**2 + 18338*w + 5565. What is r(274)?
85
Let s(j) = 9*j**2 + 153*j - 281. What is s(2)?
61
Let n(h) = -688*h + 216554. Determine n(315).
-166
Let y(f) = -836*f - 4777. Determine y(-6).
239
Let m(s) = 3879*s - 1346024. Calculate m(347).
-11
Let z(k) = -2*k**3 - 99*k**2 - 4794*k - 232493. What is z(-49)?
12
Let q(l) = -3624*l + 44627. Determine q(12).
1139
Let g(i) = 60*i**3 - 28*i**2 + 53*i + 28. Calculate g(2).
502
Let v(p) = 81*p**2 - 17652*p + 219. What is v(218)?
1527
Let l(w) = 139*w**2 + 9589*w + 635. Give l(-69).
773
Let c(i) = 2*i**3 + 564*i**2 - 565*i + 218. Calculate c(-283).
-65
Let y(i) = 20*i**2 + 2704*i - 11130. What is y(4)?
6
Let y(j) = -13*j**2 + 35*j - 58. Determine y(5).
-208
Let s(b) = b**3 - 10*b**2 - 426*b - 904. Calculate s(27).
-13
Let v(u) = -u**3 + 7*u**2 + 90*u - 70. Calculate v(18).
-2014
Let y(i) = 7*i**2 - 18*i + 34. Calculate y(0).
34
Let w(s) = s**3 - 38*s**2 + 631*s - 21980. Determine w(37).
-2
Let c(a) = -9*a**2 - 303*a - 1365. Determine c(-31).
-621
Let u(j) = 18*j**2 - 460*j - 224. Determine u(26).
-16
Let q(n) = -78969*n - 9318343. Calculate q(-118).
-1
Let f(r) = 396*r**2 - 30*r + 56. Give f(-1).
482
Let k(f) = 3*f**2 + 3307*f + 61752. Calculate k(-19).
2
Let f(n) = -11504*n - 11433. Give f(-1).
71
Let k(t) = -12808*t - 115325. Calculate k(-9).
-53
Let w(c) = c**3 + 245*c**2 + 9174*c + 3977. What is w(-199)?
-3
Let z(a) = -1853*a + 845. Give z(0).
845
Let k(q) = -3457*q - 41512. Determine k(-12).
-28
Let d(u) = -3*u**2 + 293*u + 5364. What is d(0)?
5364
Let w(b) = -b**3 - 278*b**2 + 3792*b + 2586. Give w(-291).
-33
Let g(f) = 26103*f + 208848. What is g(-8)?
24
Let c(n) = -7953*n + 5757988. Calculate c(724).
16
Let l(s) = -s**3 - 92*s**2 + 353*s + 24698. Give l(-93).
518
Let h(w) = w**3 - 93*w**2 - 808*w - 238. Determine h(101).
-238
Let g(r) = -59*r - 4800. Determine g(-85).
215
Let s(p) = -27197*p - 163159. Determine s(-6).
23
Let s(t) = -183*t**2 - 1639*t + 93. What is s(-9)?
21
Let c(i) = 3*i**2 - 872*i + 19942. Determine c(25).
17
Let t(q) = 10*q**2 - 769*q + 212. Give t(76).
-472
Let s(j) = j**2 - 140*j + 1328. Determine s(130).
28
Let w(f) = -1907*f + 249812. Determine w(131).
-5
Let y(s) = 2819*s - 10702. Determine y(4).
574
Let k(y) = -23403*y - 374448. Calculate k(-16).
0
Let y(l) = -2204*l - 50663. Calculate y(-23).
29
Let t(q) = 32402*q + 64981. Calculate t(-2).
177
Let w(m) = 565*m**2 + 1083*m + 1084. What is w(-1)?
566
Let a(t) = -2*t**3 - 8*t**2 + 586*t + 3348. Calculate a(-6).
-24
Let o(p) = -p**2 + 3396*p - 372. What is o(0)?
-372
Let y(k) = 2*k**3 - 143*k**2 - 56909*k + 4092261. Give y(72).
-3
Let w(c) = 197*c**2 + 2252*c + 5403. Determine w(-8).
-5
Let h(w) = 13*w**3 - 181*w**2 - 16*w + 51. What is h(14)?
23
Let d(c) = 4*c**2 + 35*c + 129. Give d(-9).
138
Let v(a) = -34220*a + 1197681. Determine v(35).
-19
Let o(m) = -4*m**2 - 542*m - 13915. Calculate o(-101).
23
Let g(d) = 246*d + 17285. Calculate g(-62).
2033
Let f(b) = -689078*b + 689096. Determine f(1).
18
Let y(g) = 13*g**3 + 76*g**2 + 237*g + 30. Calculate y(-3).
-348
Let y(p) = -p**3 + 47*p**2 - 12820*p + 501604. Give y(40).
4
Let j(n) = -244*n**3 + 29747*n**2 + 2566*n - 482. Determine j(122).
6
Let m(t) = t**3 - 11*t**2 - 34*t + 234. Calculate m(6).
-150
Let q(u) = -u**3 - 41*u**2 + 4123*u - 522. Give q(-88).
622
Let l(i) = -9*i**3 + 71*i**2 - 6*i + 13. What is l(8)?
-99
Let a(l) = 22*l**3 - 2344*l**2 + 1315*l - 4567. What is a(106)?
-9
Let o(t) = t**3 - 18*t**2 + 539*t + 1780. Give o(-3).
-26
Let m(y) = y**3 + 46*y**2 - 2584*y + 1853. What is m(-79)?
36
Let g(c) = -12*c**3 - 33*c**2 - 80*c + 546. What is g(-6)?
2430
Let i(f) = -2*f**3 + 88*f**2 - 663*f - 574. What is i(34)?
4
Let n(q) = 236*q - 18330. Determine n(74).
-866
Let m(a) = 16*a**2 - 521*a + 1119. What is m(30)?
-111
Let t(g) = 175*g - 6133. Calculate t(35).
-8
Let q(b) = -b**2 + 1529*b - 499448. Determine q(473).
40
Let g(f) = -557*f - 25069. Calculate g(-45).
-4
Let x(c) = -17785*c + 106732. Calculate x(6).
22
Let p(d) = 12*d**2 - 58*d - 63. Give p(5).
-53
Let q(j) = -j**3 - 35*j**2 + 23*j + 830. What is q(-35)?
25
Let f(q) = q**3 + 38*q**2 - 205*q - 1148. Determine f(-42).
406
Let v(j) = -13*j**3 + 201*j**2 + 345*j - 58. Give v(17).
27
Let i(w) = -36*w**3 + 12*w**2 + 47*w - 97. Give i(2).
-243
Let n(y) = 1411*y + 280793. What is n(-199)?
4
Let j(i) = 5*i**2 + 3460*i + 504733. Determine j(-209).
-2
Let w(r) = 18*r**2 + 895*r - 126. What is w(-50)?
124
Let d(y) = -1937*y + 40516. Give d(21).
-161
Let t(c) = 7*c**3 + c**2 - 29*c - 28. What is t(7)?
2219
Let k(w) = -4*w**2 - 495*w - 12980. Calculate k(-38).
54
Let x(j) = -j**3 - 22*j**2 + 650*j + 1535. Calculate x(-38).
-61
Let a(p) = -152396*p - 56538921. Calculate a(-371).
-5
Let l(h) = -4*h**2 - 13612*h - 13611. Calculate l(-1).
-3
Let s(r) = 1240379*r + 8682658. Give s(-7).
5
Let z(c) = -29817*c + 59004. What is z(2)?
-630
Let h(c) = -2*c**3 + 28*c**2 - 858*c + 10828. Determine h(13).
12
Let z(o) = -o**3 - 353*o**2 + 80*o - 351703. Calculate z(-356).
25
Let x(i) = -448*i**2 + 30018*i - 72. Give x(67).
62
Let q(x) = 5872*x**2 + 35163*x - 403. Determine q(-6).
11
Let q(j) = j**3 - 359*j**2 - 194*j + 69849. Calculate q(359).
203
Let x(c) = -c**3 - 915*c**2 - 18887*c - 101022. What is x(-894)?
0
Let w(y) = -12*y**2 + 1001*y - 677. Give w(83).
-262
Let x(k) = 2*k**3 + 48*k**2 - 225*k - 84. Calculate x(-29).
-1969
Let c(m) = 448*m - 103481. Calculate c(231).
7
Let i(m) = -m**3 - 769*m**2 - 801*m - 25305. Give i(-768).
39
Let b(g) = -g**3 - 470*g**2 - 18808*g - 27280. Calculate b(-426).
-16
Let f(t) = 11*t**2 + 383*t - 25730. What is f(34)?
8
Let b(a) = 43875*a**2 + 614248*a - 21. What is b(-14)?
7
Let k(s) = 2*s**3 - 682*s**2 + 2679*s + 5726. Give k(337).
-3
Let k(x) = -123870*x + 619462. Give k(5).
112
Let t(h) = 11165*h + 390926. Determine t(-35).
151
Let p(q) = -q**2 - 380*q - 34559. Give p(-226).
245
Let h(y) = -12*y**3 - 3591*y**2 - 910*y - 3661. Calculate h(-299).
226
Let s(g) = -9*g**2 - 783*g - 36. Determine s(-87).
-36
Let c(h) = 5*h**3 - 2*h**2 - 490*h + 1889. Calculate c(4).
217
Let a(n) = -762549*n - 762572. What is a(-1)?
-23
Let f(u) = -u**2 + 43*u + 17878. Give f(-114).
-20
Let k(m) = -1924*m - 92651. What is k(-48)?
-299
Let a(k) = -10*k**3 + 13*k**2 - 28*k - 41. Calculate a(-2).
147
Let c(s) = -433*s**3 + 12*s**2 - 23*s + 10. What is c(1)?
-434
Let w(j) = -j**2 + 145*j - 4848. Give w(62).
298
Let i(o) = -4*o**2 - 28569*o - 626580. Calculate i(-22).
2
Let j(i) = -9418*i + 6769. Give j(1).
-2649
L